{"id":356,"date":"2025-09-09T09:33:36","date_gmt":"2025-09-09T09:33:36","guid":{"rendered":"https:\/\/limberfitmenorca.com\/?page_id=356"},"modified":"2025-09-09T09:33:36","modified_gmt":"2025-09-09T09:33:36","slug":"aviso-legal-2","status":"publish","type":"page","link":"https:\/\/limberfitmenorca.com\/index.php\/es\/aviso-legal-2\/","title":{"rendered":"Aviso Legal"},"content":{"rendered":"\n<p>En cumplimiento con el deber de informaci\u00f3n recogido en la Ley 34\/2002, de Servicios de la Sociedad de la Informaci\u00f3n y del Comercio Electr\u00f3nico (LSSI-CE), se informa que:<\/p>\n\n\n\n<ul class=\"wp-block-list\">\n<li><strong>Titular<\/strong>: Josep Franco Segu\u00ed<\/li>\n\n\n\n<li><strong>NIF<\/strong>: 41743343-E<\/li>\n\n\n\n<li><strong>Direcci\u00f3n<\/strong>: C\/ Mar\u00eda Auxiliadora 6, 07760 Ciutadella de Menorca, Espa\u00f1a<\/li>\n\n\n\n<li><strong>Correo electr\u00f3nico<\/strong>: <a>info@limberfitmenorca.com<\/a><\/li>\n\n\n\n<li><strong>Dominio<\/strong>: <a href=\"http:\/\/www.limberfitmenorca.com\">www.limberfitmenorca.com<\/a><\/li>\n<\/ul>\n\n\n\n<p><strong>Condiciones de uso<\/strong><br>El acceso y navegaci\u00f3n por esta web implica la aceptaci\u00f3n de los t\u00e9rminos de uso establecidos en este aviso legal.<\/p>\n\n\n\n<p><strong>Propiedad intelectual e industrial<\/strong><br>Los contenidos de esta web, incluyendo textos, im\u00e1genes y c\u00f3digo, son propiedad de su titular o de terceros autorizados. Queda prohibida su reproducci\u00f3n sin autorizaci\u00f3n.<\/p>\n\n\n\n<p><strong>Limitaci\u00f3n de responsabilidad<\/strong><br>El titular no se responsabiliza del mal uso que se haga de la informaci\u00f3n de la web ni de da\u00f1os derivados del uso de enlaces externos.<\/p>\n","protected":false},"excerpt":{"rendered":"<p>En cumplimiento con el deber de informaci\u00f3n recogido en la Ley 34\/2002, de Servicios de la Sociedad de la Informaci\u00f3n y del Comercio Electr\u00f3nico (LSSI-CE), se informa que: Condiciones de usoEl acceso y navegaci\u00f3n por esta web implica la aceptaci\u00f3n de los t\u00e9rminos de uso establecidos en este aviso legal. Propiedad intelectual e industrialLos contenidos [&hellip;]<\/p>\n","protected":false},"author":1,"featured_media":0,"parent":0,"menu_order":0,"comment_status":"closed","ping_status":"closed","template":"","meta":{"_acf_changed":false,"footnotes":""},"class_list":["post-356","page","type-page","status-publish","hentry"],"acf":[],"_links":{"self":[{"href":"https:\/\/limberfitmenorca.com\/index.php\/wp-json\/wp\/v2\/pages\/356","targetHints":{"allow":["GET"]}}],"collection":[{"href":"https:\/\/limberfitmenorca.com\/index.php\/wp-json\/wp\/v2\/pages"}],"about":[{"href":"https:\/\/limberfitmenorca.com\/index.php\/wp-json\/wp\/v2\/types\/page"}],"author":[{"embeddable":true,"href":"https:\/\/limberfitmenorca.com\/index.php\/wp-json\/wp\/v2\/users\/1"}],"replies":[{"embeddable":true,"href":"https:\/\/limberfitmenorca.com\/index.php\/wp-json\/wp\/v2\/comments?post=356"}],"version-history":[{"count":1,"href":"https:\/\/limberfitmenorca.com\/index.php\/wp-json\/wp\/v2\/pages\/356\/revisions"}],"predecessor-version":[{"id":357,"href":"https:\/\/limberfitmenorca.com\/index.php\/wp-json\/wp\/v2\/pages\/356\/revisions\/357"}],"wp:attachment":[{"href":"https:\/\/limberfitmenorca.com\/index.php\/wp-json\/wp\/v2\/media?parent=356"}],"curies":[{"name":"wp","href":"https:\/\/api.w.org\/{rel}","templated":true}]}}