{"id":3,"date":"2025-09-02T16:23:33","date_gmt":"2025-09-02T16:23:33","guid":{"rendered":"https:\/\/limberfitmenorca.com\/?page_id=3"},"modified":"2025-09-09T10:29:14","modified_gmt":"2025-09-09T10:29:14","slug":"politica-de-privacitat","status":"publish","type":"page","link":"https:\/\/limberfitmenorca.com\/index.php\/politica-de-privacitat\/","title":{"rendered":"Pol\u00edtica de privacitat"},"content":{"rendered":"\n<p><strong>Responsable del tractament<\/strong><\/p>\n\n\n\n<ul class=\"wp-block-list\">\n<li>Identitat: <strong>Josep Franco Segu\u00ed<\/strong><\/li>\n\n\n\n<li>NIF: <strong>41743343-E<\/strong><\/li>\n\n\n\n<li>Direcci\u00f3: <strong>C\/ Maria Auxiliadora 6, 07760 Ciutadella de Menorca, Espanya<\/strong><\/li>\n\n\n\n<li>Correu electr\u00f2nic: <strong><a>info@limberfitmenorca.com<\/a><\/strong><\/li>\n\n\n\n<li>Web: <strong><a href=\"http:\/\/www.limberfitmenorca.com\">www.limberfitmenorca.com<\/a><\/strong><\/li>\n<\/ul>\n\n\n\n<p><strong>Finalitat<\/strong><br>Les dades que facilitis a trav\u00e9s del formulari de contacte seran utilitzades \u00fanicament per atendre la teva consulta o petici\u00f3.<\/p>\n\n\n\n<p><strong>Legitimaci\u00f3<\/strong><br>El tractament de les teves dades es basa en el teu consentiment, atorgat en enviar el formulari.<\/p>\n\n\n\n<p><strong>Destinataris<\/strong><br>No se cediran dades a tercers, excepte obligaci\u00f3 legal.<\/p>\n\n\n\n<p><strong>Drets<\/strong><br>Pots exercir els drets d&#8217;acc\u00e9s, rectificaci\u00f3, supressi\u00f3, oposici\u00f3, limitaci\u00f3 del tractament i portabilitat, enviant una sol\u00b7licitud juntament amb una c\u00f2pia del teu DNI a <strong><a>info@limberfitmenorca.com<\/a><\/strong>.<\/p>\n\n\n\n<p><strong>Conservaci\u00f3<\/strong><br>Les dades es conservaran el temps necessari per gestionar la teva consulta i, en tot cas, durant els terminis legals aplicables.<\/p>\n\n\n\n<p><strong>Mesures de seguretat<\/strong><br>Les teves dades seran tractades de forma confidencial i s&#8217;aplicaran les mesures t\u00e8cniques i organitzatives necess\u00e0ries per garantir-ne la seguretat.<\/p>\n","protected":false},"excerpt":{"rendered":"<p>Responsable del tractament FinalitatLes dades que facilitis a trav\u00e9s del formulari de contacte seran utilitzades \u00fanicament per atendre la teva consulta o petici\u00f3. Legitimaci\u00f3El tractament de les teves dades es basa en el teu consentiment, atorgat en enviar el formulari. DestinatarisNo se cediran dades a tercers, excepte obligaci\u00f3 legal. DretsPots exercir els drets d&#8217;acc\u00e9s, rectificaci\u00f3, [&hellip;]<\/p>\n","protected":false},"author":1,"featured_media":0,"parent":0,"menu_order":0,"comment_status":"closed","ping_status":"closed","template":"","meta":{"_acf_changed":false,"footnotes":""},"class_list":["post-3","page","type-page","status-publish","hentry"],"acf":[],"_links":{"self":[{"href":"https:\/\/limberfitmenorca.com\/index.php\/wp-json\/wp\/v2\/pages\/3","targetHints":{"allow":["GET"]}}],"collection":[{"href":"https:\/\/limberfitmenorca.com\/index.php\/wp-json\/wp\/v2\/pages"}],"about":[{"href":"https:\/\/limberfitmenorca.com\/index.php\/wp-json\/wp\/v2\/types\/page"}],"author":[{"embeddable":true,"href":"https:\/\/limberfitmenorca.com\/index.php\/wp-json\/wp\/v2\/users\/1"}],"replies":[{"embeddable":true,"href":"https:\/\/limberfitmenorca.com\/index.php\/wp-json\/wp\/v2\/comments?post=3"}],"version-history":[{"count":2,"href":"https:\/\/limberfitmenorca.com\/index.php\/wp-json\/wp\/v2\/pages\/3\/revisions"}],"predecessor-version":[{"id":392,"href":"https:\/\/limberfitmenorca.com\/index.php\/wp-json\/wp\/v2\/pages\/3\/revisions\/392"}],"wp:attachment":[{"href":"https:\/\/limberfitmenorca.com\/index.php\/wp-json\/wp\/v2\/media?parent=3"}],"curies":[{"name":"wp","href":"https:\/\/api.w.org\/{rel}","templated":true}]}}